{"id":3659,"date":"2021-03-25T19:26:08","date_gmt":"2021-03-25T19:26:08","guid":{"rendered":"https:\/\/surveys.ioc-cd.org\/index.php\/ioc-focal-points-question-2-10-what-other-specific-support-can-ioc-global-and-regional-programmes-goos-iode-mpr-tsunami-etc-provide-to-contribute-to-addressing-your-countrys-cd-requi-2\/"},"modified":"2023-06-19T20:24:54","modified_gmt":"2023-06-19T20:24:54","slug":"ioc-focal-points-question-2-10-what-other-specific-support-can-ioc-global-and-regional-programmes-goos-iode-mpr-tsunami-etc-provide-to-contribute-to-addressing-your-countrys-cd-requi-2","status":"publish","type":"page","link":"https:\/\/surveys.ioc-cd.org\/index.php\/ioc-focal-points-question-2-10-what-other-specific-support-can-ioc-global-and-regional-programmes-goos-iode-mpr-tsunami-etc-provide-to-contribute-to-addressing-your-countrys-cd-requi-2\/","title":{"rendered":"Question 11: What other specific support can IOC global and regional programmes (GOOS, IODE, MPR, Ocean Info Hub, Tsunami, etc.) provide to contribute to addressing your country\u2019s CD requirements?"},"content":{"rendered":"\n<p class=\"has-text-align-right\"><strong><a href=\"https:\/\/surveys.ioc-cd.org\/index.php\/ioc-focal-points-question-2-7-in-your-opinion-how-useful-are-the-following-in-terms-of-mobilising-sustained-long-term-resources-in-your-country-2\/\">Previous Page<\/a> | <a href=\"https:\/\/surveys.ioc-cd.org\/index.php\/ioc-focal-points-question-2-12-in-the-context-of-the-un-decade-of-ocean-science-for-sustainable-development-for-which-of-the-following-ocean-decade-challenges-are-capacity-development-needs-greatest-2\/\">Next Page<\/a><\/strong><\/p>\n\n\n\n<p>.<\/p>\n\n\n\n<figure class=\"wp-block-table\"><table><tbody><tr><td><strong>Country<\/strong><\/td><td><strong>Institution\/Organization:<\/strong><\/td><td><strong>Job Title:<\/strong><\/td><td><strong>Gender:<\/strong><\/td><td><strong>Open-Ended Response<\/strong><\/td><\/tr><tr><td>Chile<\/td><td>Directorate of Maritime Interest and Aquatic Environment<\/td><td>Head Department Aquatic Environment Protection,&nbsp;&nbsp;Pollution Response and Climate Change<\/td><td>male<\/td><td>support regional programs addressing marine debris<\/td><\/tr><tr><td>Colombia<\/td><td>Colombian Ocean Commission&nbsp;<\/td><td>Executive Secretary and Antarctic Program Director&nbsp;<\/td><td>Male<\/td><td>Support is required on issues of adoption of new technologies for monitoring oceanographic variables with high-level autonomous and remote systems.&nbsp;<\/td><\/tr><tr><td>Ecuador<\/td><td>INSTITUTO OCEANOGRAFICO Y ANTARTICO DE LA ARMADA<\/td><td>INVESTIGADOR OCEANOGRAFICO<\/td><td>FEMALE<\/td><td>The previous questions respond to the needs of Pais, to achieve these objectives<\/td><\/tr><tr><td>Ecuatorial Guinea&nbsp;<\/td><td>Ministry of Fisheries and Water Resources<\/td><td>Geological engineer<\/td><td>Female<\/td><td>We need training short or long terms, equipemets,information and a representative office<\/td><\/tr><tr><td>Egypt<\/td><td>National Institute of Oceanography and Fisheries<\/td><td>Prof. of Marine Pollution<\/td><td>Female<\/td><td>The IOC programs have to give a great effort to the collaboration between countries to take quick action towards the common problems facing the countries, for example, plastic pollution, climate change, ocean acidification, etc&#8230;<\/td><\/tr><tr><td>Estonia<\/td><td>Ministry of the Environment<\/td><td>Adviser<\/td><td>Female<\/td><td>different fields were allready mentioned<\/td><\/tr><tr><td>France<\/td><td>Minist\u00e8re de la Transition Ecologique et de la Coh\u00e9sion des Territoires<\/td><td>Secr\u00e9tariat du Comit\u00e9 national fran\u00e7ais pour la COI<\/td><td>Female<\/td><td>&#8211;<\/td><\/tr><tr><td>Ghana<\/td><td>Council for Scientific and Industrial Research (CSIR) -Water Research Institute<\/td><td>Director<\/td><td>Male<\/td><td>Not Necessary. Training&nbsp;&nbsp;Not Important. Technical infrastructure&nbsp;&nbsp;Of Some Importance. Strengthened partnerships and collaboration in ocean observatios, reporting and policy.<\/td><\/tr><tr><td>Honduras<\/td><td>National Center of Atmospheric, Ocanic and Seismic Studies<\/td><td>Director&nbsp;<\/td><td>Male<\/td><td>Tsunami<\/td><\/tr><tr><td>India<\/td><td>INCOIS<\/td><td>Director<\/td><td>Male<\/td><td><\/td><\/tr><tr><td>Japan<\/td><td>Ministry of Education, Culture, Sports, Science and Technology (MEXT)&nbsp;<\/td><td>Director for Deep Sea-Earth Scientific Research<\/td><td>Male<\/td><td><\/td><\/tr><tr><td>Kuwait<\/td><td>Kuwait Institute for Scientific Research<\/td><td>Principal Research Scentist<\/td><td>Female<\/td><td>Providing consultants in particular fields of need, providing opportunities to be involved in International and Regional Expeditions, and providing information sources to hire crew, engineers, and specialists to work as cruise teams with the scientists in expeditions, there is a serious shortage of manpower in this area.<\/td><\/tr><tr><td>Myanmar<\/td><td>Department of Meteorology and Hydrology<\/td><td>Deputy Director<\/td><td>Male<\/td><td>Need to get the new tide gauge stations, buoys and modelling software for Tsunami.<\/td><\/tr><tr><td>Poland<\/td><td>Institute of Oceanology Polish Academy of Sciences<\/td><td>Deputy Director for Reserch<\/td><td>male<\/td><td>assistance in process of establishing the NODC<\/td><\/tr><tr><td>Tanzania, United Republic of,<\/td><td>Institute of Marine Sciences, University of Dar es Salaam<\/td><td>Professor<\/td><td>Male<\/td><td>Emerging new development in ocean science and research.<\/td><\/tr><tr><td>Venezuela<\/td><td>Instituto Venezolano de Investigaciones Cient\u00edficas (IVIC)<\/td><td>Research Staff<\/td><td>Female<\/td><td><\/td><\/tr><\/tbody><\/table><\/figure>\n","protected":false},"excerpt":{"rendered":"<p>Previous Page | Next Page . Country Institution\/Organization: Job Title: Gender: Open-Ended Response Chile Directorate of Maritime Interest and Aquatic Environment Head Department Aquatic Environment&#8230;<\/p>\n<div class=\"more-link-wrapper\"><a class=\"more-link\" href=\"https:\/\/surveys.ioc-cd.org\/index.php\/ioc-focal-points-question-2-10-what-other-specific-support-can-ioc-global-and-regional-programmes-goos-iode-mpr-tsunami-etc-provide-to-contribute-to-addressing-your-countrys-cd-requi-2\/\">Continue reading<span class=\"screen-reader-text\">Question 11: What other specific support can IOC global and regional programmes (GOOS, IODE, MPR, Ocean Info Hub, Tsunami, etc.) provide to contribute to addressing your country\u2019s CD requirements?<\/span><\/a><\/div>\n","protected":false},"author":3,"featured_media":0,"parent":0,"menu_order":0,"comment_status":"closed","ping_status":"closed","template":"templates\/full-width.php","meta":{"footnotes":""},"class_list":["post-3659","page","type-page","status-publish","hentry","entry"],"yoast_head":"<!-- This site is optimized with the Yoast SEO plugin v27.2 - https:\/\/yoast.com\/product\/yoast-seo-wordpress\/ -->\n<title>Question 11: What other specific support can IOC global and regional programmes (GOOS, IODE, MPR, Ocean Info Hub, Tsunami, etc.) provide to contribute to addressing your country\u2019s CD requirements? - Surveys for IOC-CD<\/title>\n<meta name=\"robots\" content=\"index, follow, max-snippet:-1, max-image-preview:large, max-video-preview:-1\" \/>\n<link rel=\"canonical\" href=\"https:\/\/surveys.ioc-cd.org\/index.php\/ioc-focal-points-question-2-10-what-other-specific-support-can-ioc-global-and-regional-programmes-goos-iode-mpr-tsunami-etc-provide-to-contribute-to-addressing-your-countrys-cd-requi-2\/\" \/>\n<meta property=\"og:locale\" content=\"en_US\" \/>\n<meta property=\"og:type\" content=\"article\" \/>\n<meta property=\"og:title\" content=\"Question 11: What other specific support can IOC global and regional programmes (GOOS, IODE, MPR, Ocean Info Hub, Tsunami, etc.) provide to contribute to addressing your country\u2019s CD requirements? - Surveys for IOC-CD\" \/>\n<meta property=\"og:description\" content=\"Previous Page | Next Page . Country Institution\/Organization: Job Title: Gender: Open-Ended Response Chile Directorate of Maritime Interest and Aquatic Environment Head Department Aquatic Environment&#8230;\" \/>\n<meta property=\"og:url\" content=\"https:\/\/surveys.ioc-cd.org\/index.php\/ioc-focal-points-question-2-10-what-other-specific-support-can-ioc-global-and-regional-programmes-goos-iode-mpr-tsunami-etc-provide-to-contribute-to-addressing-your-countrys-cd-requi-2\/\" \/>\n<meta property=\"og:site_name\" content=\"Surveys for IOC-CD\" \/>\n<meta property=\"article:modified_time\" content=\"2023-06-19T20:24:54+00:00\" \/>\n<meta name=\"twitter:card\" content=\"summary_large_image\" \/>\n<meta name=\"twitter:label1\" content=\"Est. reading time\" \/>\n\t<meta name=\"twitter:data1\" content=\"2 minutes\" \/>\n<script type=\"application\/ld+json\" class=\"yoast-schema-graph\">{\"@context\":\"https:\/\/schema.org\",\"@graph\":[{\"@type\":\"WebPage\",\"@id\":\"https:\/\/surveys.ioc-cd.org\/index.php\/ioc-focal-points-question-2-10-what-other-specific-support-can-ioc-global-and-regional-programmes-goos-iode-mpr-tsunami-etc-provide-to-contribute-to-addressing-your-countrys-cd-requi-2\/\",\"url\":\"https:\/\/surveys.ioc-cd.org\/index.php\/ioc-focal-points-question-2-10-what-other-specific-support-can-ioc-global-and-regional-programmes-goos-iode-mpr-tsunami-etc-provide-to-contribute-to-addressing-your-countrys-cd-requi-2\/\",\"name\":\"Question 11: What other specific support can IOC global and regional programmes (GOOS, IODE, MPR, Ocean Info Hub, Tsunami, etc.) provide to contribute to addressing your country\u2019s CD requirements? - Surveys for IOC-CD\",\"isPartOf\":{\"@id\":\"https:\/\/surveys.ioc-cd.org\/#website\"},\"datePublished\":\"2021-03-25T19:26:08+00:00\",\"dateModified\":\"2023-06-19T20:24:54+00:00\",\"breadcrumb\":{\"@id\":\"https:\/\/surveys.ioc-cd.org\/index.php\/ioc-focal-points-question-2-10-what-other-specific-support-can-ioc-global-and-regional-programmes-goos-iode-mpr-tsunami-etc-provide-to-contribute-to-addressing-your-countrys-cd-requi-2\/#breadcrumb\"},\"inLanguage\":\"en-US\",\"potentialAction\":[{\"@type\":\"ReadAction\",\"target\":[\"https:\/\/surveys.ioc-cd.org\/index.php\/ioc-focal-points-question-2-10-what-other-specific-support-can-ioc-global-and-regional-programmes-goos-iode-mpr-tsunami-etc-provide-to-contribute-to-addressing-your-countrys-cd-requi-2\/\"]}]},{\"@type\":\"BreadcrumbList\",\"@id\":\"https:\/\/surveys.ioc-cd.org\/index.php\/ioc-focal-points-question-2-10-what-other-specific-support-can-ioc-global-and-regional-programmes-goos-iode-mpr-tsunami-etc-provide-to-contribute-to-addressing-your-countrys-cd-requi-2\/#breadcrumb\",\"itemListElement\":[{\"@type\":\"ListItem\",\"position\":1,\"name\":\"Home\",\"item\":\"https:\/\/surveys.ioc-cd.org\/\"},{\"@type\":\"ListItem\",\"position\":2,\"name\":\"Question 11: What other specific support can IOC global and regional programmes (GOOS, IODE, MPR, Ocean Info Hub, Tsunami, etc.) provide to contribute to addressing your country\u2019s CD requirements?\"}]},{\"@type\":\"WebSite\",\"@id\":\"https:\/\/surveys.ioc-cd.org\/#website\",\"url\":\"https:\/\/surveys.ioc-cd.org\/\",\"name\":\"Surveys for IOC-CD\",\"description\":\"IOC Capacity Development surveys results\",\"potentialAction\":[{\"@type\":\"SearchAction\",\"target\":{\"@type\":\"EntryPoint\",\"urlTemplate\":\"https:\/\/surveys.ioc-cd.org\/?s={search_term_string}\"},\"query-input\":{\"@type\":\"PropertyValueSpecification\",\"valueRequired\":true,\"valueName\":\"search_term_string\"}}],\"inLanguage\":\"en-US\"}]}<\/script>\n<!-- \/ Yoast SEO plugin. -->","yoast_head_json":{"title":"Question 11: What other specific support can IOC global and regional programmes (GOOS, IODE, MPR, Ocean Info Hub, Tsunami, etc.) provide to contribute to addressing your country\u2019s CD requirements? - Surveys for IOC-CD","robots":{"index":"index","follow":"follow","max-snippet":"max-snippet:-1","max-image-preview":"max-image-preview:large","max-video-preview":"max-video-preview:-1"},"canonical":"https:\/\/surveys.ioc-cd.org\/index.php\/ioc-focal-points-question-2-10-what-other-specific-support-can-ioc-global-and-regional-programmes-goos-iode-mpr-tsunami-etc-provide-to-contribute-to-addressing-your-countrys-cd-requi-2\/","og_locale":"en_US","og_type":"article","og_title":"Question 11: What other specific support can IOC global and regional programmes (GOOS, IODE, MPR, Ocean Info Hub, Tsunami, etc.) provide to contribute to addressing your country\u2019s CD requirements? - Surveys for IOC-CD","og_description":"Previous Page | Next Page . Country Institution\/Organization: Job Title: Gender: Open-Ended Response Chile Directorate of Maritime Interest and Aquatic Environment Head Department Aquatic Environment&#8230;","og_url":"https:\/\/surveys.ioc-cd.org\/index.php\/ioc-focal-points-question-2-10-what-other-specific-support-can-ioc-global-and-regional-programmes-goos-iode-mpr-tsunami-etc-provide-to-contribute-to-addressing-your-countrys-cd-requi-2\/","og_site_name":"Surveys for IOC-CD","article_modified_time":"2023-06-19T20:24:54+00:00","twitter_card":"summary_large_image","twitter_misc":{"Est. reading time":"2 minutes"},"schema":{"@context":"https:\/\/schema.org","@graph":[{"@type":"WebPage","@id":"https:\/\/surveys.ioc-cd.org\/index.php\/ioc-focal-points-question-2-10-what-other-specific-support-can-ioc-global-and-regional-programmes-goos-iode-mpr-tsunami-etc-provide-to-contribute-to-addressing-your-countrys-cd-requi-2\/","url":"https:\/\/surveys.ioc-cd.org\/index.php\/ioc-focal-points-question-2-10-what-other-specific-support-can-ioc-global-and-regional-programmes-goos-iode-mpr-tsunami-etc-provide-to-contribute-to-addressing-your-countrys-cd-requi-2\/","name":"Question 11: What other specific support can IOC global and regional programmes (GOOS, IODE, MPR, Ocean Info Hub, Tsunami, etc.) provide to contribute to addressing your country\u2019s CD requirements? - Surveys for IOC-CD","isPartOf":{"@id":"https:\/\/surveys.ioc-cd.org\/#website"},"datePublished":"2021-03-25T19:26:08+00:00","dateModified":"2023-06-19T20:24:54+00:00","breadcrumb":{"@id":"https:\/\/surveys.ioc-cd.org\/index.php\/ioc-focal-points-question-2-10-what-other-specific-support-can-ioc-global-and-regional-programmes-goos-iode-mpr-tsunami-etc-provide-to-contribute-to-addressing-your-countrys-cd-requi-2\/#breadcrumb"},"inLanguage":"en-US","potentialAction":[{"@type":"ReadAction","target":["https:\/\/surveys.ioc-cd.org\/index.php\/ioc-focal-points-question-2-10-what-other-specific-support-can-ioc-global-and-regional-programmes-goos-iode-mpr-tsunami-etc-provide-to-contribute-to-addressing-your-countrys-cd-requi-2\/"]}]},{"@type":"BreadcrumbList","@id":"https:\/\/surveys.ioc-cd.org\/index.php\/ioc-focal-points-question-2-10-what-other-specific-support-can-ioc-global-and-regional-programmes-goos-iode-mpr-tsunami-etc-provide-to-contribute-to-addressing-your-countrys-cd-requi-2\/#breadcrumb","itemListElement":[{"@type":"ListItem","position":1,"name":"Home","item":"https:\/\/surveys.ioc-cd.org\/"},{"@type":"ListItem","position":2,"name":"Question 11: What other specific support can IOC global and regional programmes (GOOS, IODE, MPR, Ocean Info Hub, Tsunami, etc.) provide to contribute to addressing your country\u2019s CD requirements?"}]},{"@type":"WebSite","@id":"https:\/\/surveys.ioc-cd.org\/#website","url":"https:\/\/surveys.ioc-cd.org\/","name":"Surveys for IOC-CD","description":"IOC Capacity Development surveys results","potentialAction":[{"@type":"SearchAction","target":{"@type":"EntryPoint","urlTemplate":"https:\/\/surveys.ioc-cd.org\/?s={search_term_string}"},"query-input":{"@type":"PropertyValueSpecification","valueRequired":true,"valueName":"search_term_string"}}],"inLanguage":"en-US"}]}},"_links":{"self":[{"href":"https:\/\/surveys.ioc-cd.org\/index.php\/wp-json\/wp\/v2\/pages\/3659","targetHints":{"allow":["GET"]}}],"collection":[{"href":"https:\/\/surveys.ioc-cd.org\/index.php\/wp-json\/wp\/v2\/pages"}],"about":[{"href":"https:\/\/surveys.ioc-cd.org\/index.php\/wp-json\/wp\/v2\/types\/page"}],"author":[{"embeddable":true,"href":"https:\/\/surveys.ioc-cd.org\/index.php\/wp-json\/wp\/v2\/users\/3"}],"replies":[{"embeddable":true,"href":"https:\/\/surveys.ioc-cd.org\/index.php\/wp-json\/wp\/v2\/comments?post=3659"}],"version-history":[{"count":5,"href":"https:\/\/surveys.ioc-cd.org\/index.php\/wp-json\/wp\/v2\/pages\/3659\/revisions"}],"predecessor-version":[{"id":3807,"href":"https:\/\/surveys.ioc-cd.org\/index.php\/wp-json\/wp\/v2\/pages\/3659\/revisions\/3807"}],"wp:attachment":[{"href":"https:\/\/surveys.ioc-cd.org\/index.php\/wp-json\/wp\/v2\/media?parent=3659"}],"curies":[{"name":"wp","href":"https:\/\/api.w.org\/{rel}","templated":true}]}}